. Suppose -2*y + 1106 + d = 0. Is y a prime number?
False
Let s(u) = 116*u + 33. Suppose -3*z - 1 = -4*h, -5*h - 2 = -5*z + 3. Is s(z) a prime number?
True
Suppose 5*v = 6*v - 11. Suppose 0 = -v*m + 9*m + 614. Is m a prime number?
True
Suppose 29*m - 20*m = 107955. Is m a prime number?
False
Suppose -2*d + 8863 = 5*u + 2294, 5250 = 4*u - d. Is u composite?
True
Suppose 88 = -2*u - i, 3*u + i + 129 = -2*i. Is (-2)/(-9) - (340700/u)/4 a composite number?
True
Let g be (12/(-3))/(-2)*2. Suppose -8 = g*j, -z + 5*j + 22 = -5*z. Is (-3)/(-2)*(-14)/z prime?
True
Let s be (-290)/26 + (-5)/130*-4. Let a(l) = 28*l**2 + 15*l + 6. Is a(s) prime?
True
Let k = 242 + 70. Suppose 3*w - h - 242 - k = 0, h = -5*w + 926. Is w prime?
False
Let g = 198 + -53. Let b(a) = 118*a - 52. Let u be b(1). Let t = u + g. Is t composite?
False
Let h(b) = 65*b**3 + b**2 + b - 2. Let g(y) = y - 6. Let v be g(3). Let r be h(v). Let u = r - -2494. Is u composite?
False
Suppose -i + 26 - 23 = 0. Suppose i*p - 3*g = -0*g + 2670, -3*p - g + 2658 = 0. Is p a composite number?
False
Suppose 0 = 64*o - 69*o + 15. Suppose -o*t = -3*u - 1350, -3*t = 4*u - 1074 - 269. Is t a prime number?
True
Suppose 0*v - v = t + 2, 3*t - 2*v + 16 = 0. Let k(n) = 3*n**2 + 2*n + 9. Is k(t) prime?
False
Suppose 3*r + 1536 = 5*u, r = -0*r + 3. Let n be ((-2)/(-4))/(4/32). Suppose -j - u = -n*j. Is j a composite number?
False
Suppose 4*p + 10 = -p. Let x be p/4 + 5994/(-12). Is (-1)/(x/(-502) - 1) prime?
True
Suppose 20*h = 100 + 40. Is 3522/(-9)*-1 + h/(-21) a prime number?
False
Let d be 2/((-36)/(-28) + -1). Suppose d*f - 412 = 505. Is f composite?
False
Suppose 0 = -2*s - 3*d - 11, -5*d + 0*d - 25 = 0. Suppose -s*p = -6*p + 408. Suppose c + p = 4*c. Is c prime?
False
Let i be (30/(-105))/((-2)/14). Suppose 3*r + i*h - h = 2641, 2*r + 5*h = 1778. Suppose -3*a = 2*q - 859, -3*a + 2*q + r = -q. Is a a composite number?
True
Let u(h) = -h + 8. Let o be u(5). Suppose -6 - o = -3*b. Suppose -5*d + 29 = 2*x, 5*d = 4*x + b - 16. Is x prime?
True
Let q(d) be the third derivative of -d**4/12 + 2*d**3/3 - 8*d**2. Let h be q(4). Is 3 - (0 + 172)/h prime?
False
Suppose -4*c = -3*m + 10885, 10901 = -2*m + 5*m + 4*c. Is m a composite number?
False
Suppose 0 = -10*o + 7*o + 20391. Is o a composite number?
True
Let l be 1/2 + 70/(-4). Let g = l - -228. Is g composite?
False
Suppose 0 = -5*g - 20, -u + 5*g = 677 - 2606. Suppose -n - 4*i + 4165 = 0, 4*n + 3*i - u - 14712 = 0. Is n a prime number?
True
Suppose -m + 4*g + 6513 = 0, 33608 = 5*m + 2*g + 933. Is m a composite number?
True
Let x(v) = -3*v - 3. Let r be x(-6). Suppose r*o - 14*o = 203. Is o composite?
True
Let f(d) = -4*d - 3. Let y be f(-2). Let t be 3 - ((2 - y) + 4). Is 0/(-2) + (t - -95) composite?
False
Suppose 3*b = 2*v + 7, 5*b + 3*v + 5 = 4*b. Let o(w) = 24*w**3 - 2*w**2 + w. Is o(b) composite?
False
Suppose -40 = 7*g - 3*g. Is 10/(g/(-1735) + 0) composite?
True
Suppose 0 = -5*t + 2*t - 3237. Let m = t + 1900. Is m composite?
False
Let o(y) = 48*y - 9. Let v(t) = 12*t - 2. Let n be v(1). Is o(n) a prime number?
False
Suppose -2*p = 5*m - 7577, -5*m + 4*p + 7593 = 2*p. Is m composite?
True
Is (-164)/(-574)*159922/4 a prime number?
True
Is 2/(-24) - 2544870/(-360) composite?
False
Suppose 4*x + 77 - 6182 = -i, -2*i = 3*x - 4585. Let r be 2/((-2)/(-8) - 0). Suppose -3*j + r*j - x = 0. Is j composite?
True
Let n = 725 - -27. Suppose -281 + n = 4*f - b, 15 = -5*b. Let t = f - 62. Is t a prime number?
False
Suppose 0 = -3*t + 4*t - 77. Let a = 47 + t. Suppose 4*w = 1680 + a. Is w a prime number?
False
Let y(i) = 10*i - 3. Let h(d) = -40*d + 12. Let q(j) = 2*h(j) + 9*y(j). Is q(6) a prime number?
False
Let k = 34114 - 10925. Is k composite?
False
Suppose -4*g - 4*l = -107128, -2*l = 4*g - 28657 - 78461. Is g a prime number?
True
Let p = 2487 + 1969. Suppose 7*c + c - p = 0. Is c composite?
False
Suppose -19 = -5*x + 21. Let q = 8 - x. Let p(r) = r**2 + 161. Is p(q) composite?
True
Let d be 2424/22 - 2 - (-4)/(-22). Suppose 25 = 2*z - y, z + 3*y = 3*z - 31. Let l = d - z. Is l a prime number?
True
Let a be -2*(-20)/24*3. Suppose -5*o + 3*k = -3, 3*k - a = 2*o + 1. Suppose o*r = 165 - 51. Is r prime?
False
Suppose 15*c - 18*c + 6 = 0. Is (0 + 409/2)*c composite?
False
Is -1 - -1558 - 17/((-136)/32) prime?
False
Let q(o) = o**2 + 8*o + 17. Let w be q(-5). Suppose -190 = -w*l + 100. Is l composite?
True
Suppose -7*y + 24870 = 3*y. Let p = y - 1476. Is p a composite number?
True
Suppose 5*n = h + 2*n - 6, 10 = -3*h - 5*n. Suppose -v = 2*c - 5765, -2*c + h*v + v = -5759. Is c a composite number?
True
Let x(n) = n**3 + 11*n**2 + 13*n - 6. Suppose -m = 9 + 1. Let p be x(m). Is 8/p + 749/9 a prime number?
True
Suppose -4*m - 5*r + 18258 = 0, -r + 5043 = 4*m - 13223. Is m prime?
True
Let s(r) = 2*r**3 + 10*r**2 - 9*r + 6. Let a be s(-10). Let g = a - -1725. Is g prime?
True
Is 94992 - (-7)/((-56)/(-88)) a prime number?
True
Suppose 2*q = -4*r + 5*q + 39, 0 = 4*r + 3*q - 57. Suppose -3*u = -r, 3*y + y - 1976 = -3*u. Is y prime?
True
Suppose 0 = -3*c + 3*i - 24, 4*i - 44 = -c + 6*c. Is ((-6265)/c + 1/4)*3 a prime number?
True
Let m = -1145 + 2038. Is m a prime number?
False
Let f(v) = -v**3 - 3*v**2 - 5*v - 4. Let g be f(-2). Is 256 + -6*(g - 9/6) a prime number?
False
Let w be (-6)/18 - (-1)/3. Suppose w*n + 1 = -3*m + 2*n, -5*n - 20 = 0. Is -3 + 9 + m - -404 prime?
False
Let t be -9*((-18)/(-45) + (-22)/30). Suppose -t*i = -184 - 449. Is i a composite number?
False
Let w be (-1 + 4)/((-3)/(-2)). Suppose w*i - 5847 = -4*c - 501, -5343 = -4*c - 5*i. Is c prime?
False
Suppose 2 = 2*n - 16. Let l be 76/12 - 3/n. Is 464/l + 11/(-33) a composite number?
True
Let p be (1 - (24 - 3))*-124. Let d = p - 823. Is d composite?
False
Is 1*735849/(-5 - -14) prime?
True
Let w(f) = 3300*f**2 - 5*f - 51. Is w(-4) prime?
True
Let j(o) = -o**2 - 4*o + 17. Let y be j(-5). Is (-1*(233 + 0))/((-12)/y) composite?
False
Let v(q) = 61*q - 1 + 9 + 9 + 11. Is v(13) prime?
True
Let w(o) = 3*o + 10. Let i be w(-3). Is i*((-711)/(-4) - (-1)/4) a prime number?
False
Suppose 3*h + 2*m = 54, -5*m = -0*h + 4*h - 79. Let g(l) = 32*l - 3. Let j be g(2). Let o = j + h. Is o composite?
True
Suppose -24*t - 20 = -26*t. Is (-2)/((-15)/11337*4/t) a prime number?
True
Let t(k) = -1035*k + 14. Is t(-1) a prime number?
True
Suppose -k - 2*k = 3. Let o be (1 + -144)/(1*k). Is o/(-1 + (2 - 0)) a prime number?
False
Suppose -52475 = 163*a - 168*a. Is a prime?
False
Suppose -5*y + 298 = -232. Let w = -32 + y. Is w a composite number?
True
Let s(q) = -4*q**3 + 2*q**2 + 2*q + 1. Let o be s(-1). Suppose -6*x + 4*x + 1234 = 0. Suppose -4*i + y = -2*i - x, -o*y = 15. Is i prime?
True
Let f = 46 + -25. Let k be (f/(-14))/((-1)/2). Suppose 2*b + k*b - 575 = 0. Is b prime?
False
Let n = -2072 - -4957. Is n a prime number?
False
Let q = 21 + -17. Let g be (-16)/36*(-18)/q. Suppose -2*l + 938 = 4*a, g*a = l + 199 + 264. Is a a prime number?
True
Let i(g) = 2*g**3 + 7*g**2 - 3. Let v be i(-3). Let r(x) be the second derivative of 19*x**3 - 5*x**2/2 + x. Is r(v) prime?
False
Let a(d) = 23*d**2 - 2*d + 2. Suppose z = 1 - 5. Let s = z - -7. Is a(s) composite?
True
Suppose 0 = -13*s + 20696 + 38519. Is s composite?
True
Let i = 0 + 7. Suppose 0 = -2*h - 13 - i. Let k(g) = -g**3 - 10*g**2 - 14*g + 1. Is k(h) prime?
False
Let a be ((-21780)/(-2))/5*(-4)/(-3). Let g = a + -1063. Is g composite?
True
Let b(k) = -729*k - 26. Is b(-7) composite?
False
Let h(s) = -8*s - 4. Let y be h(9). Let c be ((-14)/(-4))/(2/y). Let g = c - -210. Is g composite?
True
Let t(z) be the first derivative of z**4/4 - 2*z**3 + 5*z**2/2 - 3*z + 7. Let o be t(5). Is o/6 - 1347/(-2) a composite number?
False
Let l(q) = q**3 - 6*q**2 + 2*q - 4. Suppose 28 = -0*k + 4*k. Let r be l(k). Suppose -4*d = -4*f + 228, -3*d - r = -f - d. Is f a prime number?
False
Let w be 24/(-40) + (-26)/(-10). Suppose -341 - 11 = -w*o. Suppose g + 0*x - o = -3*x, x - 737 = -4*g. Is g composite?
True
Let w = 49 + -44. Suppose -w*j + 3358 = 3*r - 351, r = 5*j - 3717. Is j composite?
False
Let w(x) be the second derivative of 271*x**3/2 + 13*x**2 + 6*x + 1. Is w(9) a composite number?
True
Suppose 4 = 2*b + 2*a, b - 5*b + 3*a + 8 = 0. Suppose 15 = -g - b*g, -3*g + 9911 = 2*l. Is l pr